14. Suppose 4*a = 2*u + 126, 4*u = -2*a + q*a - 42. Calculate the highest common factor of a and 10.
10
Suppose 7 = 2*j - 1. Let b be ((-20)/(-6))/(j/48). Calculate the highest common divisor of b and 8.
8
Suppose j - 5*n - 29 = 0, j + j + 3*n = 19. Let o be j + (-4 - (2 - 4)). Calculate the greatest common divisor of 36 and o.
12
Suppose 0 = p - v - 2*v - 7, 5*p - 3*v - 35 = 0. Let x(r) = r**2 + 4 + 1 - 2 - 7*r. Let d be x(p). Calculate the highest common divisor of d and 15.
3
Let h(y) = y**3 - 7*y**2 - 6. Let f be h(7). Let x = f + 12. What is the highest common factor of x and 24?
6
Suppose 21 = u + 2*x, -3*x - 2*x + 69 = 4*u. Let l = u - 5. What is the greatest common factor of 6 and l?
6
Suppose g - 12 = -3*y, 2*y - g - 28 = -3*y. Suppose -8 - 12 = -y*s. Calculate the greatest common divisor of 4 and s.
4
Let n(k) = 9*k - 11. Let d(j) = -j - 1. Let p(z) = -2*d(z) - n(z). Let q be p(-6). Calculate the greatest common divisor of 5 and q.
5
Suppose 2*v - 3*d = d + 132, 0 = -d - 3. Calculate the greatest common factor of v and 40.
20
Let k(t) be the second derivative of t**4/12 - t**2/2 + 5*t. Let m be k(3). Calculate the greatest common factor of m and 20.
4
Let s = -31 - -36. Let q(o) = 4*o**3 + 2*o**2 - 1. Let c = 2 - 1. Let z be q(c). What is the highest common divisor of z and s?
5
Let s(u) = 14*u + 7. Let c = -53 - -76. Suppose -c = -4*g - 3. Let p be s(g). Calculate the greatest common divisor of p and 11.
11
Suppose -16*y + 452 = -988. Let c be (-39)/(-4) + (-4)/(-16). Calculate the greatest common factor of c and y.
10
Let h = -366 - -533. Suppose -67 + h = 5*u. Let t(w) = -w**3 - 3*w**2 + 2*w - 10. Let j be t(-5). What is the highest common factor of j and u?
10
Let d(p) = 3*p - 2. Let l be d(2). Suppose 5 = 4*a - 7. Suppose l*y = h - 3*h + 40, a*h - 5*y - 5 = 0. Calculate the greatest common divisor of 20 and h.
10
Let p = 26 + -6. Let d = 0 + 5. Let y be (-1 + d)/((-1)/(-25)). What is the greatest common factor of p and y?
20
Suppose r = i - 1, 0 = i + r + 3 - 2. Let x(l) = 3 + 9 + 2 - l. Let q be x(i). What is the highest common factor of 126 and q?
14
Let f(m) = -m**2 + m - 1. Let b be f(1). Let c be (-9)/b*(4 - 3). Calculate the highest common factor of 45 and c.
9
Let q be ((-22)/6)/((-16)/144). What is the highest common factor of q and 66?
33
Let n be (-15)/(25/(-5)) - 0. Let a(s) = s**3 - 3*s**2 + 6*s. Let v be a(5). Suppose -n*f - v = -323. What is the greatest common factor of f and 9?
9
Let d = 103 - 38. Calculate the highest common divisor of d and 13.
13
Let v(l) be the first derivative of -l**4/4 + 2*l**3 - 5*l**2/2 - 1. Suppose x + 1 - 5 = 0. Let b be v(x). Calculate the highest common divisor of 6 and b.
6
Let n be ((-3)/2 + 1)*-10. Let w(r) be the second derivative of r**4/6 - r**2/2 + 2*r. Let f be w(1). Calculate the highest common divisor of f and n.
1
Suppose 4*z + 4*l - 16 = 0, 4*l - 2 - 5 = 5*z. Suppose -8 = w + 3*w. Let h = 5 - w. What is the greatest common factor of z and h?
1
Let o(n) = 2*n**2 + 12*n + 27. Let k be o(-6). What is the highest common divisor of k and 3?
3
Let m be -1*1 - (-8 + 5). Suppose l - 5 + m = 0. Suppose -l*o = 5*x - 33, 4*o - x - 55 = -4*x. Calculate the highest common divisor of o and 176.
16
Let c(l) = l**3 + 8*l**2 + 5*l + 10. Let z be c(-7). Let x be (z/20)/((-4)/(-10)). Let y be -4 + x + 1*53. Calculate the highest common divisor of y and 13.
13
Let q = 4 + 0. Suppose -g = 0, q*g - 6 = -3*t + 3*g. Suppose o + 2 = 3. Calculate the greatest common factor of o and t.
1
Suppose -h = -1 + 2. Let y be ((-30)/h)/((-1)/(-1)). What is the greatest common divisor of 6 and y?
6
Let s be 3 - (1 - 0/(-4)). Let m be -1 - -2 - s - -2. Calculate the greatest common divisor of m and 1.
1
Let c = 34 - 29. Suppose 0*m + 104 = 3*i - m, 2*m = -i + 37. What is the highest common factor of i and c?
5
Suppose -2*x = -4 - 6. Suppose -3*b - 13 = 2*k, 4*k - x*b - 2 - 5 = 0. Let i be (44/8)/(k/(-28)). Calculate the greatest common divisor of i and 11.
11
Let i(n) = n**2 - 4*n + 6. Let t be i(5). Let h = 161 - 106. What is the highest common divisor of t and h?
11
Let i(y) = 15*y**3 + y**2 - y. Let c be i(1). Suppose -62 = 4*a - 82. Calculate the greatest common factor of a and c.
5
Suppose -3*d = -6*d + 5*q + 70, 4*d = -q + 101. What is the highest common factor of d and 10?
5
Let l(h) = -h**3 + 7*h**2 - 7*h + 9. Let c be l(6). Suppose -32 = -3*z - 4*d, 2*d - 11 + 67 = c*z. What is the highest common factor of 4 and z?
4
Suppose -2*j - n - 4 = 0, j - n - 1 = 3. Suppose -4*h + 27 = -m + 2*m, -m + 3*h - 8 = j. Calculate the highest common divisor of m and 77.
7
Let u = -15 + 21. Suppose 11*c = u*c + 40. Suppose -b = g + 1, 13 = 5*g - 2*b - 2*b. Calculate the greatest common divisor of c and g.
1
Let h(c) = c**2 + 4*c + 3. Let m = 1 - 5. Let t be h(m). Suppose -t*o + 5*b = -110, 0 = 3*o + o - 3*b - 132. Calculate the greatest common factor of o and 20.
10
Suppose 0*r = 5*r + 5. Let t = 3 + r. Suppose 4*j + 24 = 3*k, -4*k + 7*j - 4*j + 25 = 0. What is the highest common divisor of t and k?
2
Let l be (-1)/((-14)/(-8) + -2). Suppose -5*z - l = -q - 8, -5*q + 4*z + 43 = 0. What is the greatest common divisor of q and 44?
11
Suppose s = 5 + 4. Suppose -m = -6*m + 10. Let h = m + 4. What is the highest common factor of h and s?
3
Suppose -4*s = -s - 6. Let f = 4 - s. Suppose 200 = -f*p + 6*p. Calculate the highest common divisor of 20 and p.
10
Let a be (-2 + (2 - -41))/((-7)/(-14)). Calculate the highest common divisor of 41 and a.
41
Suppose -2*r - 2*r + 66 = -2*w, 5*r - 79 = -w. Calculate the highest common factor of 32 and r.
16
Let q be (1 + 3)/(3/12). Suppose 3 = 2*k - 7, 372 = 2*x + 4*k. Calculate the highest common divisor of x and q.
16
Let u(r) = r**3 + 8*r**2 + 7*r + 4. Let s be u(-7). Suppose 0 = 4*d - 6*d + s. Calculate the greatest common factor of 16 and d.
2
Suppose -2*b + 18 = 3*l, 3*b - l + 4 = 53. Suppose 4*o - b = 1. Suppose -2*j + 7*j - 20 = 5*y, 3*y + 20 = 5*j. Calculate the highest common divisor of j and o.
4
Suppose 4*s + 3*b - 9 = 29, -4*b - 52 = -4*s. What is the highest common divisor of s and 99?
11
Let r be (10 - 2)/(0 + 1). Calculate the greatest common factor of 64 and r.
8
Let p = 136 - 107. Calculate the highest common divisor of p and 232.
29
Let y(a) = -a**3 - 6*a**2 - 5*a + 2. Let d be y(-5). Suppose 2*j - 38 = 3*q, 39 = 4*j + d*q - 53. Calculate the highest common divisor of 176 and j.
22
Let o = -37 - -51. What is the highest common divisor of o and 126?
14
Let n = -53 + 63. What is the highest common divisor of 20 and n?
10
Let q = -11 - -17. Calculate the greatest common factor of q and 18.
6
Suppose m = -m + 24. Let q(c) = 2*c - 2. Let g be q(4). Let i = 12 - g. Calculate the highest common divisor of m and i.
6
Let v(p) = 2*p - 20. Let l be v(16). Calculate the highest common factor of l and 4.
4
Let o(p) = 21*p + 11. Let z(i) = -10*i - 5. Let s(h) = -6*o(h) - 11*z(h). Let d be s(-11). Calculate the highest common divisor of 15 and d.
15
Let j(p) = 2*p**2 + 6*p + 1. Let m be -5 - (4*-1)/4. Let o be j(m). Calculate the highest common divisor of 27 and o.
9
Suppose -2*v = 4*p - 74, -4*p + 3*v + 7 = -42. What is the highest common factor of 4 and p?
4
Suppose -2*x = -3*x + 2. Suppose -x = -3*b + 2*b. Suppose 3*w - 25 = b*w. Calculate the highest common factor of w and 10.
5
Suppose -2*u = -43 - 29. Calculate the greatest common divisor of u and 24.
12
Let k = -1 - -3. Suppose k = -m + 8. Let p(z) = -z**2 - 9*z - 8. Let s be p(-5). What is the highest common divisor of m and s?
6
Let i = 55 - 38. Suppose -5*a - 3*r = -4 - 11, 12 = 4*a + 4*r. Suppose -i = -y + a. What is the greatest common factor of 4 and y?
4
Let u(n) = -n**3 - 8*n**2 - 7*n + 9. Let p be u(-8). Calculate the highest common factor of 13 and p.
13
Let f(j) = -j**3 + j**2 + 3*j + 1. Let s = -4 - 6. Let x = 8 + s. Let t be f(x). What is the greatest common factor of 56 and t?
7
Let q be (18/(-4))/((-3)/8). Suppose -4*c + 29 + 19 = 0. What is the greatest common divisor of q and c?
12
Let k(h) = 8*h. Let l(z) = -z**3 + 4*z**2 - 2*z - 2. Let r be l(3). Let c be k(r). Suppose 0*x = -x + c. Calculate the highest common divisor of x and 16.
8
Let k = -76 - -94. What is the highest common factor of 4 and k?
2
L